{"id":6,"date":"2012-05-23T10:14:11","date_gmt":"2012-05-23T10:14:11","guid":{"rendered":"http:\/\/bia.fi\/blog\/?page_id=6"},"modified":"2017-04-23T17:13:13","modified_gmt":"2017-04-23T15:13:13","slug":"kirjoittajasta","status":"publish","type":"page","link":"https:\/\/bia.fi\/blog\/kirjoittajasta\/","title":{"rendered":"Tietoja kirjoittajasta"},"content":{"rendered":"<h3>Olen Hannu, ex-kamppailu-urheilija ja kamppailuvalmentaja.<\/h3>\n<p>P\u00e4\u00e4lajinani on brasilialainen jujutsu, jonka ohessa painin my\u00f6s lukkopainia ja satunnaisemmin treenailen Scandinavian Defendoa. Brasilialaista jujutsua olen harrastanut vuodesta 2007 ja vy\u00f6arvoni lajissa on purppura.<\/p>\n<p>Pyrin lukemaan paljon minua kiinnostavista aiheista ja hankkimaan t\u00e4t\u00e4 kautta tietoa, jota voin hy\u00f6dynt\u00e4\u00e4 ensin omassa harjoittelussani ja valmennuksessani. Pyrin my\u00f6s katselemaan asioita useammalta kantilta ja l\u00f6yt\u00e4m\u00e4\u00e4n asioista ne positiiviset ja negatiiviset puolet. Mustavalkoisen ajattelutavan v\u00e4hent\u00e4minen, erityisesti terveytt\u00e4 ja ravintoa koskevissa keskusteluissa, on ollut yksi isoimmista motivaattoreista t\u00e4m\u00e4n blogin perustamiseen.<\/p>\n<p>Suhtaudun asioihin kriittisesti, mutta en halua hautautua bunkkereihin heittelem\u00e4\u00e4n kivi\u00e4 kuvitteellisen vastapuolen p\u00e4\u00e4lle. Tekstini sis\u00e4lt\u00e4v\u00e4t sekaisin mielipiteit\u00e4, linkkej\u00e4 ja tutkimusviitteit\u00e4. Haastan blogini lukijat keskustelemaan aiheista asiallisesti &#8211; pyrit\u00e4\u00e4n pit\u00e4m\u00e4\u00e4n keskustelut sellaisina, jossa asiat ovat toisiaan vastaan, eiv\u00e4t ihmiset.<\/p>\n<p>Guruksi tai auktoriteetiksi en tunnustaudu, vaan tarkoituksena on nostaa perusasioita esille ja saada my\u00f6s omia ajatuksiani koottua kirjoitusten kautta isommiksi kokonaisuuksiksi. Kirjoitukseni eiv\u00e4t ole tarkoitettu yhdeksi ainoaksi oikeaksi tavaksi ajatella tai tehd\u00e4 asioita, koska en henkil\u00f6kohtaisesti en usko, ett\u00e4 sellaisia tapoja on.<\/p>\n<p>Suomalaisista bloggaajista suosin mm. Reijo Laatikaisen <a title=\"Pronutritionist\" href=\"http:\/\/www.pronutritionist.net\/\" target=\"_blank\" rel=\"noopener noreferrer\">Pronutritionistia<\/a>, <a title=\"Jussi Riekki\" href=\"http:\/\/www.jussiriekki.fi\" target=\"_blank\" rel=\"noopener noreferrer\">Jussi Riekin<\/a> blogia, Juha Hulmin <a href=\"http:\/\/lihastohtori.wordpress.com\/\" target=\"_blank\" rel=\"noopener noreferrer\">Lihastohtoria<\/a>, Jan Verhon <a href=\"http:\/\/terveyssatama.blogspot.fi\/\" target=\"_blank\" rel=\"noopener noreferrer\">Terveyssatamaa<\/a> ja Patrik Borgin <a href=\"http:\/\/patrikborg.blogspot.fi\/\" target=\"_blank\" rel=\"noopener noreferrer\">P\u00f6per\u00f6proffa<\/a>\u00a0-blogia.<\/p>\n<p>Ulkomaisista kiinnostavista kirjoittajista ja valmentajista voisin mainita esimerkiksi <a title=\"Jim Wendler\" href=\"http:\/\/www.jimwendler.com\" target=\"_blank\" rel=\"noopener noreferrer\">Jim Wendlerin<\/a>, <a title=\"Mark Rippetoe\" href=\"http:\/\/en.wikipedia.org\/wiki\/Mark_Rippetoe\">Mark Rippetoen<\/a>, <a title=\"Martin Rooney\" href=\"http:\/\/www.trainingforwarriors.com\/our-team\/#martin\">Martin Rooneyn<\/a>, <a title=\"Michael Boyle\" href=\"http:\/\/www.strengthcoach.com\/public\/791.cfm\">Michael Boylen<\/a>, <a title=\"Alan Aragon\" href=\"http:\/\/www.alanaragon.com\/\">Alan Aragonin<\/a> ja <a title=\"Dave Tate\" href=\"http:\/\/articles.elitefts.net\/elitefts-q-a-team\/\">Dave Taten<\/a>.<\/p>\n<p><strong>Yhteisty\u00f6ehdotuksia? Kysytt\u00e4v\u00e4\u00e4? Ihailijapostia?<\/strong> L\u00e4het\u00e4 s\u00e4hk\u00f6postia osoitteeseen <a href=\"mailto:hannu@bia.fi\">hannu@bia.fi<\/a>.<\/p>\n<blockquote><p>&#8221;You never want a solution &#8211; you want an idea&#8221; &#8211; Dave Tate<\/p><\/blockquote>\n","protected":false},"excerpt":{"rendered":"<p>Olen Hannu, ex-kamppailu-urheilija ja kamppailuvalmentaja. P\u00e4\u00e4lajinani on brasilialainen jujutsu, jonka ohessa painin my\u00f6s lukkopainia ja satunnaisemmin treenailen Scandinavian Defendoa. Brasilialaista jujutsua olen harrastanut vuodesta 2007 ja vy\u00f6arvoni lajissa on purppura. Pyrin lukemaan paljon minua kiinnostavista aiheista ja hankkimaan t\u00e4t\u00e4 kautta tietoa, jota voin hy\u00f6dynt\u00e4\u00e4 ensin omassa harjoittelussani ja valmennuksessani. Pyrin my\u00f6s katselemaan asioita useammalta kantilta [&hellip;]<\/p>\n","protected":false},"author":1,"featured_media":0,"parent":0,"menu_order":0,"comment_status":"closed","ping_status":"closed","template":"","meta":{"spay_email":""},"yoast_head":"<!-- This site is optimized with the Yoast SEO plugin v15.9.2 - https:\/\/yoast.com\/wordpress\/plugins\/seo\/ -->\n<meta name=\"description\" content=\"Olen Hannu, ex-kamppailu-urheilija ja kamppailuvalmentaja. K\u00e4sittelen blogissani ensisijaisesti (kamppailu-)urheilua, liikuntaa ja ravitsemusta.\" \/>\n<meta name=\"robots\" content=\"index, follow, max-snippet:-1, max-image-preview:large, max-video-preview:-1\" \/>\n<link rel=\"canonical\" href=\"https:\/\/bia.fi\/blog\/kirjoittajasta\/\" \/>\n<meta property=\"og:locale\" content=\"fi_FI\" \/>\n<meta property=\"og:type\" content=\"article\" \/>\n<meta property=\"og:title\" content=\"Kirjoittajasta - Bia Fidelis | Blogi\" \/>\n<meta property=\"og:description\" content=\"Olen Hannu, ex-kamppailu-urheilija ja kamppailuvalmentaja. K\u00e4sittelen blogissani ensisijaisesti (kamppailu-)urheilua, liikuntaa ja ravitsemusta.\" \/>\n<meta property=\"og:url\" content=\"https:\/\/bia.fi\/blog\/kirjoittajasta\/\" \/>\n<meta property=\"og:site_name\" content=\"Bia Fidelis | Blogi\" \/>\n<meta property=\"article:modified_time\" content=\"2017-04-23T15:13:13+00:00\" \/>\n<meta name=\"twitter:card\" content=\"summary\" \/>\n<meta name=\"twitter:site\" content=\"@SaarinenHannu\" \/>\n<meta name=\"twitter:label1\" content=\"Est. reading time\">\n\t<meta name=\"twitter:data1\" content=\"1 minuutti\">\n<script type=\"application\/ld+json\" class=\"yoast-schema-graph\">{\"@context\":\"https:\/\/schema.org\",\"@graph\":[{\"@type\":\"WebSite\",\"@id\":\"https:\/\/bia.fi\/blog\/#website\",\"url\":\"https:\/\/bia.fi\/blog\/\",\"name\":\"Bia Fidelis | Blogi\",\"description\":\"Sis\\u00e4lt\\u00e4\\u00e4 (kamppailu-)urheilua, terveytt\\u00e4 ja liikuntaa. Lue ja viisastu!\",\"potentialAction\":[{\"@type\":\"SearchAction\",\"target\":\"https:\/\/bia.fi\/blog\/?s={search_term_string}\",\"query-input\":\"required name=search_term_string\"}],\"inLanguage\":\"fi\"},{\"@type\":\"WebPage\",\"@id\":\"https:\/\/bia.fi\/blog\/kirjoittajasta\/#webpage\",\"url\":\"https:\/\/bia.fi\/blog\/kirjoittajasta\/\",\"name\":\"Kirjoittajasta - Bia Fidelis | Blogi\",\"isPartOf\":{\"@id\":\"https:\/\/bia.fi\/blog\/#website\"},\"datePublished\":\"2012-05-23T10:14:11+00:00\",\"dateModified\":\"2017-04-23T15:13:13+00:00\",\"description\":\"Olen Hannu, ex-kamppailu-urheilija ja kamppailuvalmentaja. K\\u00e4sittelen blogissani ensisijaisesti (kamppailu-)urheilua, liikuntaa ja ravitsemusta.\",\"breadcrumb\":{\"@id\":\"https:\/\/bia.fi\/blog\/kirjoittajasta\/#breadcrumb\"},\"inLanguage\":\"fi\",\"potentialAction\":[{\"@type\":\"ReadAction\",\"target\":[\"https:\/\/bia.fi\/blog\/kirjoittajasta\/\"]}]},{\"@type\":\"BreadcrumbList\",\"@id\":\"https:\/\/bia.fi\/blog\/kirjoittajasta\/#breadcrumb\",\"itemListElement\":[{\"@type\":\"ListItem\",\"position\":1,\"item\":{\"@type\":\"WebPage\",\"@id\":\"https:\/\/bia.fi\/blog\/kirjoittajasta\/\",\"url\":\"https:\/\/bia.fi\/blog\/kirjoittajasta\/\",\"name\":\"Tietoja kirjoittajasta\"}}]}]}<\/script>\n<!-- \/ Yoast SEO plugin. -->","_links":{"self":[{"href":"https:\/\/bia.fi\/blog\/wp-json\/wp\/v2\/pages\/6"}],"collection":[{"href":"https:\/\/bia.fi\/blog\/wp-json\/wp\/v2\/pages"}],"about":[{"href":"https:\/\/bia.fi\/blog\/wp-json\/wp\/v2\/types\/page"}],"author":[{"embeddable":true,"href":"https:\/\/bia.fi\/blog\/wp-json\/wp\/v2\/users\/1"}],"replies":[{"embeddable":true,"href":"https:\/\/bia.fi\/blog\/wp-json\/wp\/v2\/comments?post=6"}],"version-history":[{"count":5,"href":"https:\/\/bia.fi\/blog\/wp-json\/wp\/v2\/pages\/6\/revisions"}],"predecessor-version":[{"id":604,"href":"https:\/\/bia.fi\/blog\/wp-json\/wp\/v2\/pages\/6\/revisions\/604"}],"wp:attachment":[{"href":"https:\/\/bia.fi\/blog\/wp-json\/wp\/v2\/media?parent=6"}],"curies":[{"name":"wp","href":"https:\/\/api.w.org\/{rel}","templated":true}]}}